Let a(f) = -f**2 - 27*f + 12. What are the prime factors of a(-26)?
2, 19
Suppose 2*f + 28 = 2*r - 0*r, -2*f = -4*r + 54. Let n = r - -12. Let h = n - 11. List the prime factors of h.
2, 7
Suppose -2*h + 6*x - 2*x = -68, 5*h + x = 148. List the prime factors of h.
2, 3, 5
Suppose 4*i = 6*g - 3*g + 726, -4*g = -i + 188. Suppose -2*j = h - 63, 0*j - 5*j = -2*h - i. What are the prime factors of j?
2, 17
Let a = 36 + 37. What are the prime factors of a?
73
Let l(r) = -13*r - 9. What are the prime factors of l(-4)?
43
Let n(h) = h**3 - 10*h**2 - 12*h + 11. Let b be n(11). Suppose -4*c + 68 = -b*c. List the prime factors of c.
17
Suppose 0 = 4*m - 2*m + 88. Let x = m - -64. List the prime factors of x.
2, 5
Suppose 0 = -5*t + 78 + 97. List the prime factors of t.
5, 7
Let r = -139 - -203. What are the prime factors of r?
2
Let c = 1 + -2. Let z = -1 - c. Suppose 4 = f - z*f. What are the prime factors of f?
2
Let v = 13 + -27. Let g(b) = -b - 8. Let q be g(-8). Let f = q - v. What are the prime factors of f?
2, 7
Let l(w) = w**2 + 2*w + 2. Let p be l(-4). Let b(v) = v**3 - 9*v**2 - 10*v + 13. List the prime factors of b(p).
13
Suppose 0 = -2*x + 7*x + 25, 4*u + 4*x - 20 = 0. List the prime factors of (u + 2)*1/3.
2
Let m be ((-1)/1)/((-3)/(-6)). Let l(g) = g**3 + 4*g**2 + 2*g - 2. Let h be l(m). Suppose -42 = -0*n - h*n. List the prime factors of n.
3, 7
Let d be 2 + -3 - (-11 + 2). Let u = -6 + d. Suppose 0 = -q + u*q - 11. List the prime factors of q.
11
Let s be 326*(-3)/(-6 - 0). Suppose 58 = 5*m + s. Let d = m + 34. What are the prime factors of d?
13
Let t(w) = w**3 - 8*w - 3. Suppose -b - 4*f - 8 = -5*b, -5*b + 3*f = -16. Let y(s) = s**2 - 1. Let x(i) = b*y(i) - t(i). List the prime factors of x(6).
2, 5
Let r be (-48)/26 + (-4)/26. Let i = 11 - r. List the prime factors of i.
13
Let c(g) be the second derivative of -g**6/360 + g**5/30 + g**4/12 + 2*g. Let m(q) be the third derivative of c(q). What are the prime factors of m(-5)?
2, 7
Suppose -8*k = -6*k - 4. Suppose 0 = k*q - 6, -z + 0 = -5*q - 10. List the prime factors of z.
5
Let s be (3/(-4))/(2/8). Let b be (2/s - 0)*-9. Suppose 0 = -4*o + b + 22. What are the prime factors of o?
7
Let k(a) = a**3 + a**2 - 3*a - 3. What are the prime factors of k(4)?
5, 13
Let f(x) = -x**2 + 7*x + 3. Let w be f(7). Suppose l = -w + 6. Suppose 0 = -c + 5*g + 1, -44 = -3*c - l*g - 5. List the prime factors of c.
11
Let u(t) = 23*t - 1. Let q be u(-4). List the prime factors of (-2)/(q/(-33) - 3).
11
Let j = 9 - -4. Suppose 3*q = 44 + j. Suppose 3*k + 3*t - 23 = 2*t, -t = -3*k + q. What are the prime factors of k?
7
Let f be (-6)/(-2)*(2 + -1). What are the prime factors of 26/f + 4/(-6)?
2
List the prime factors of (-4)/6 - (-510)/9.
2, 7
Let w = 4 - 2. Suppose w*a - 3*s - 2 = 0, 2*a - 3*s - 18 = -8*s. Suppose a*p - 18 = 14. List the prime factors of p.
2
Suppose 23 - 3 = 3*r - 5*n, 12 = 3*r + 3*n. Suppose -r*y + 150 = -0*y. Let g = -19 + y. What are the prime factors of g?
11
Let m = 56 - -15. List the prime factors of m.
71
Let o(d) = d**3 + 5*d**2 - d + 3. Let z be o(-5). Let a = z - 0. List the prime factors of a.
2
Suppose 6*s - 30 = -0*s. Suppose 0 = -4*p + s*p - 32. List the prime factors of p.
2
Let d(k) = -k**3 + 8*k + 4. Let r be d(-5). Let n = r + -50. What are the prime factors of n?
3, 13
Let b(n) = 5*n**3 + 4*n**2 - n - 2. What are the prime factors of b(2)?
2, 13
Let u = -4 - -8. Suppose -k = 2 - u. List the prime factors of k/(-6) - (-200)/24.
2
List the prime factors of (252/49)/(1/7).
2, 3
Suppose 4*c - j - 42 = 73, j - 95 = -3*c. Let q = c - -7. Suppose -q = -5*l - 7. List the prime factors of l.
2, 3
Let f(p) = -7 + 1 + 1 - 4*p. List the prime factors of f(-4).
11
Suppose 2 = s, -3*p - 3*s - 19 - 17 = 0. Let g = -1 - p. What are the prime factors of g?
13
Suppose 1786 = -3*t + 5*h, -t + 2*h + 2*h - 586 = 0. What are the prime factors of 2/(-10) - t/35?
17
Let i(c) = -c**3 + 2*c**2 + 2*c - 2. Let q be i(2). Suppose -q*g + 20 = 3*g. What are the prime factors of g?
2
Let s(p) = p**3 - p**2 - 3*p + 5. Let m(r) = -2*r**3 + 3*r**2 + 7*r - 10. Let d(q) = 3*m(q) + 5*s(q). What are the prime factors of d(4)?
19
Let w = -31 - -77. What are the prime factors of w?
2, 23
Let d = 5 - -4. What are the prime factors of (-4)/(-2)*d/6?
3
What are the prime factors of (-23)/(3/5*(-1)/3)?
5, 23
Let z be 26/6 - (-10)/15. List the prime factors of z/(-25) - 56/(-5).
11
Let u(l) = 6*l - 3*l**2 + 2*l**2 - 5 + 0. List the prime factors of u(4).
3
Let d(n) = -n**3 + 6*n**2 + 5*n. Let l be (4/8)/((-3)/(-24)). List the prime factors of d(l).
2, 13
Let i be 1/(44/(-43) - -1). Let v = i - -67. What are the prime factors of v?
2, 3
What are the prime factors of 3/(-6)*(3 - 2 - 341)?
2, 5, 17
Let n be 4/16*(12 - 0). Suppose -n*r = -2*r - 7. List the prime factors of r.
7
Let c(v) = -3*v - 2. Let a be c(-2). Suppose -a*i - 11 = -5*i. What are the prime factors of i?
11
Let u be (-828)/27 - 2/(-3). List the prime factors of (1/3)/((-2)/u).
5
Let y(s) = 0 - s + 0*s + 1 - 2. List the prime factors of y(-3).
2
Let g(v) = v - 8. Let m be g(10). Let u be m/6 + (-22)/3. Let i(w) = -w**3 - 6*w**2 + 6*w. List the prime factors of i(u).
7
Let j be 9/(-6)*(-2 + 0). Let l(y) = -y + 20. Let z be l(12). List the prime factors of (-3)/(j*-1)*z.
2
Suppose 2*n = 5*j + 4, 5*j + 2 = 3*n - 2*n. Suppose -5*r + 9*g - 4*g = 0, -r + 5*g = 8. Suppose r*i = 4 + n. What are the prime factors of i?
3
Let t(q) = q**2 - q - 22. Let c be t(0). Let m = -10 + 6. List the prime factors of (c/3)/(m/6).
11
Suppose -3*q + 2 = -2*q. Suppose -1 - 1 = q*g. What are the prime factors of 4 + g - 0/(-4)?
3
Let c(b) = -34*b - 58. List the prime factors of c(-13).
2, 3
Let g be ((-51)/12)/((-6)/(-8))*9. Suppose 39 = -3*s - 60. Let x = s - g. What are the prime factors of x?
2, 3
Suppose 4*q - 972 + 224 = 0. Suppose -q = -5*w + 53. What are the prime factors of w?
2, 3
Let o(n) = 6*n**2 + 3*n. Let h = 11 - 13. List the prime factors of o(h).
2, 3
Let m = -6 + 36. What are the prime factors of m?
2, 3, 5
Let s = -135 - -205. What are the prime factors of s?
2, 5, 7
What are the prime factors of 105/18 + 1/6?
2, 3
Let a = -5 + 3. Let w be (-4 - (-1 + 1)) + a. Let q = w - -8. List the prime factors of q.
2
Let t = -53 + 79. List the prime factors of t.
2, 13
Let w be (2 - 6)/(1/(-10)). Suppose 0 = -c - 3*b - 18, -3*c + 8*c = b - 122. Let j = w + c. What are the prime factors of j?
2
Suppose -t = 3*t. Suppose t*w = 2*w - 8. Suppose -12 = -5*j - w*n + 9, 5 = -5*n. What are the prime factors of j?
5
List the prime factors of 6 + (-3)/(9/(-6)).
2
Suppose 0 = 5*w + 2*r - 8, 2*w + 0*w - r - 5 = 0. Suppose -w*y - k = -43, 10*k - 5*k = -3*y + 54. What are the prime factors of y?
23
List the prime factors of 22 + (-2 - 1 - -5).
2, 3
Let j(q) = -3*q**2 + 1 + 6*q**2 - 2*q**2 + 8 - q. What are the prime factors of j(0)?
3
Suppose -3*i + 5 = -i + 3*u, -4*u - 20 = -4*i. List the prime factors of 150/i + 12/8.
3, 13
Let a = -10 + 17. List the prime factors of a.
7
Let k = -5 + 15. What are the prime factors of k?
2, 5
Suppose p - 15 = -4*d, 4*p - 108 = -6*d + 2*d. Suppose 4*o - 5 - p = 0. What are the prime factors of o?
3
Let y(m) = m**2 + 2*m - 5. Let v be y(4). Suppose -5*z + v = -1. List the prime factors of z.
2
Let k be ((-5)/(-10))/(2/8). Let a be (k/5)/(1/(-10)). List the prime factors of (a/6)/(2/(-21)).
7
Suppose -3*i + 204 = -3*f, -2*f = 5*i - 137 - 210. List the prime factors of i.
3, 23
Let k = -53 + 79. What are the prime factors of k?
2, 13
Let z be 1/3 - 19/3. List the prime factors of (-6 + 3)*16/z.
2
Let o(q) = q**3 + 7*q**2 + 5*q - 4. Let r be o(-6). Suppose -s = -r*s. Let b = s + 2. List the prime factors of b.
2
Suppose 2*h - h = -z - 7, 5*z = -3*h - 29. Let g = z + 35. What are the prime factors of g?
31
Let a be (-12 - -1)/(1/(-2)). Suppose -p - 2*f + 37 = 0, 3*f + a = p - 0*f. List the prime factors of p.
31
Suppose -3*s - 5*p + p + 97 = 0, -s + 3*p = -54. List the prime factors of s.
3, 13
Let t = 5 + -3. Suppose 3*p + 4*n - 61 = 0, t*p = 4*n + 18 - 4. Let k = p + 0. What are the prime factors of k?
3, 5
Suppose d = -2*g + g + 16, -2*g - 5*d = -38. List the prime factors of 482/g - (-24)/42.
5, 7
Let y(k) be the second derivative of -k**3/6 + 6*k**